- ((1272 - 1247) + -1 + -18).
117
What is the value of -67 + 87 + -28 + 1 + 0 + 13 + 10?
16
(10 - (1 + -1)) + -52 + -61 + 106 + -10
-7
What is 133 - 234 - ((-48 - -52) + (0 - 20))?
-85
What is the value of -35 + (-66 - (-25 - 85))?
9
What is 54 - (141 + -66) - (-6 - -71)?
-86
-40 + (0 - 3) + (17 - 29) + 15
-40
Evaluate 45 - 13 - (67 + (-43 - 11)).
19
Evaluate (0 - 3) + -9 + (-3 - (28 + -33)).
-10
Calculate 62 + 56 + -42 + 17.
93
Calculate (15 - 1) + 0 + (-98 - 16) + 17.
-83
Evaluate -4 + 11 + (3 - -3) + -11 + -3.
-1
What is (-530 - -570) + 7 + (-116 - -7)?
-62
What is the value of 2 - (8 + 0) - (-23 - (-64 + 17))?
-30
What is the value of (0 + 3 + (-3 - (9 + -5)) - -70) + -14?
52
Evaluate 16 - (6 + 5 + -5 + -5 - 0 - -8).
7
Evaluate (29 + 38 - 6) + -24.
37
(10 - (-3 + 3)) + (-3 - -5) + (6 - -7)
25
Calculate -31 + 29 + -20 + (6 - 16).
-32
What is 163 + -206 + (4 - 3) + 0 + -1?
-43
What is 1 - -58 - (3 - (-9 + 2) - (23 - 19))?
53
Evaluate 13 + -1 - (-50 - -1) - 17.
44
Calculate 0 - 80 - (6120 - 6178).
-22
What is -19 + (-31 + (34 - 14) - 0)?
-30
Evaluate (89 - 95) + (13 + -5 - -42).
44
Calculate -4 + 3 - (41 + 2 + (27 + -57 - -39)).
-53
Evaluate -46 - 11 - (-269 - -249).
-37
Calculate -13 + (7 - -3) - 4 - (-79 + 143).
-71
What is the value of -31 + (2 - -16) + (30 - 19 - 22) + -7?
-31
Evaluate (-47 - -53) + (-71 - ((-6 - -13) + 7)).
-79
Calculate -59 - ((27 + -56 - -3) + 50).
-83
Evaluate (-10 - ((-3 - 15) + 21 + -25)) + 11.
23
What is the value of 45 + (-37 - -24) + -14 - 21?
-3
(-193 - (83 - 325)) + (1 - (14 + 1))
35
What is -52 + 56 + (48 - 75 - (3 - -1))?
-27
Calculate (-199 - -213 - (4 - 0 - 26)) + 20.
56
Evaluate 59 + -58 + 43 + -12.
32
What is the value of 38 + (-27 - -3) + -27 - 19?
-32
Calculate (-31 - -8) + 26 - 43 - 2.
-42
-68 - ((-28 - -26) + 17 + -2 - (-1 - -9))
-73
What is the value of 4 - ((-42 - (1 - 20)) + (4 - 17))?
40
Calculate -29 - (-44 + 17) - 30.
-32
2772 - 2776 - (0 + 62 + 3)
-69
What is the value of 41 + (-33 + 1 - (1675 - 1700))?
34
What is the value of -11 + (-2 - (-14 + 8)) + (-1 - 16)?
-24
What is -5 + 2 + 1 + -5 - (-2617 + 2595)?
15
What is the value of -1 + 7 + 1 - (140 - (74 + 54))?
-5
Evaluate (2 - 54) + (-325 - -442).
65
Evaluate (-22 + 43 - -32) + -10 - -10.
53
Calculate -32 + (1 - -8 - (11 - 12)) - 13.
-35
Calculate 0 - 106 - ((42 - 19) + -46).
-83
-42 - (-22 + -31) - -34
45
Evaluate 1 - 1 - (44 + (-65 - 5) - (7 - -2)).
35
Evaluate -22 + -71 + (23 - -27).
-43
What is the value of -1 + -2 + -5 + 5 - (154 - 110)?
-47
Evaluate -4 + 52 - -48 - 29.
67
Evaluate (27 - -3 - 107) + (-4 - -2) + 0 + 4.
-75
(-1526 - -1572) + 1 + -1
46
What is 87 + -3 + -58 - 6?
20
Evaluate (-4 - (0 + 2)) + 493 + -446 - -9.
50
Evaluate 2 + 1 + 8 - (28 + 29 + -38).
-8
Evaluate 4629 + -4643 - (-17 - (5 + -1 + -1)).
6
-41 + (-37 - -37) + -2
-43
Evaluate 2 + 92 - (-2164 - -2238).
20
Calculate -37 + (113 - 41) + -10 + (1 - 2) + 6.
30
119 + 48 + -163 - 42
-38
Evaluate 4 - (-14 + -5 + 40 - 16).
-1
What is the value of (-147 - -145) + (9 - (2 + 50 + -7))?
-38
What is the value of 1032 - 1066 - (-28 - 2)?
-4
-1 - -1 - (-13 + (45 - -13))
-45
What is the value of -27 - (-11 - 56) - (0 + -7)?
47
-5 + 11 + (-4 - -90) + -14 + 4 + -1
81
60 + -150 + 65 - 18
-43
What is the value of (76 - 171) + 125 - (-2 + 0)?
32
-1504 + 1430 - (-53 + 1)
-22
What is -6 + (-11 - -22) - ((0 - -1 - 0) + 41)?
-37
What is -5 + (13 - 1) + -15 + 9 - -12?
13
What is 0 - -1 - (0 + 1 - (-13 + -11 + 77))?
53
What is the value of -4 - (5 + 5 + 1 + 89 + -30 - 10)?
-64
Calculate -10 - (122 - (28 - -91)).
-13
What is 1 - -2 - (-41 + 59 + -31) - 65?
-49
Calculate (72 - (-86 + 133)) + 2 + -6.
21
-29 + 1 + (72 + 6 - 81)
-31
Evaluate -47 - -25 - (45 + 21 - 26).
-62
What is 6 + (35 - -50) + -49?
42
(-2 - (31 - (-1 + -2) - 1)) + -906 + 899
-42
(-1 + (55 - 2) - (-23 - 14 - -28)) + -7
54
8 + 13 + 0 - (-14 - -21) - 75
-61
5 - ((4 - (-23 + 33)) + 53)
-42
What is the value of (4 - (16 + -25 + 23)) + 13?
3
Calculate -24 + (17 - (-2 + 17) - (19 - 5)).
-36
What is the value of -11 + -14 + -4 + 23 - 17?
-23
What is -5 - (2 + 34 - (52 + -15 + -30) - 7)?
-27
Evaluate 0 - (-3 - (-4 - -7)) - (-826 + 824).
8
Calculate -65 - (21 - 104) - (0 + -4).
22
What is (10 + 8 - 2) + -4 + -11 + 82 + -26?
57
Calculate 45 - 98 - -69 - -5.
21
(-47 - -53) + 44 + (1 - -15) + -11
55
Evaluate (18 - (19 - -6) - 7) + (67 - -4).
57
What is the value of (-1070 - -1055) + 1 + -9?
-23
Calculate (-14 - (5 + 53 - 15) - 5) + -3 + -4.
-69
What is -60 + 154 + (86 - 172)?
8
Evaluate -6 - -3 - 47 - (163 - 167).
-46
(-118 - -48) + -43 - -68
-45
Calculate -4 - -14 - (79 - 81) - (0 + 53).
-41
What is the value of (9 - (48 + -24)) + 1 + 25?
11
Evaluate (-48 - 3) + 155 + -147.
-43
What is the value of 4 + -6 + -9 + (98 - 47) + -20?
20
What is 0 - 12 - 50 - (30 + -5 - 6)?
-81
(118 - 124) + (-1 - -1) + (-9 - 0) + 64
49
What is the value of (-72 - -114 - 13) + 25?
54
Calculate 2 - 0 - (-19 - ((20 - 14) + -6 + -2)).
19
Evaluate 272 + -248 - (-5 + -4 + -14).
47
Calculate 4 + 2 + -15 + -15 - -4.
-20
Evaluate (-7 - 0 - (-36 + -60)) + (-208 - -191).
72
-109 - (40 + -33 + -69)
-47
Calculate -33 + (10 - (7 + -54)).
24
Calculate -16 + 158 + -35 + -95.
12
Calculate -61 - (-50 + (14 - -5)).
-30
(4 - 4) + (23 - 20) + -34 + -5 + -14
-50
Calculate 75 - 63 - ((-7 - -1) + 3 - -12).
3
What is (-1 - -5) + -16 + -23 - (20 + -13)?
-42
47 + (44 - (95 + -27))
23
Evaluate (-37 - (2 + 0 + 1)) + 83 + -1 + -75.
-33
What is the value of (-86 - (-116 - -16)) + 61?
75
Evaluate 41 + -6 + 0 + 3 + (1764 - 1755).
47
Calculate -11 - ((0 - 5) + (72 - (80 + -23))).
-21
What is the value of 40 + 2 + 791 + -838?
-5
What is the value of -15 + (26 - 24 - -17) + -54 + -1?
-51
(-9 - (3 - 3 - -1) - (-55 + 43)) + 120
122
Calculate (-57 - (-3 - 82)) + 31.
59
24 + (-22 - (-13 + -43))
58
Evaluate -14 + -17 + 20 + -12 - -3.
-20
-15 + (-5 - ((-29 - -12) + -2))
-1
25 - ((-65 - -70) + -46)
66
Calculate (-149 - -75 - 28) + 1 + 4 + 5.
-92
Calculate 5 - (6 - (-1 + -11 + 16 + 25)).
28
(-169 - -1) + 4 + 0 + 2609 + -2596
-151
Evaluate 63 - (-22 - (-18 + 27 + -7) - -10).
77
-48 + (-50 - -238) + -45
95
What is 5 - (0 + 7 - (-68 + 54))?
-16
(13 - (48 - 21)) + (-20 - -1)
-33
Calculate (-17 - 2 - 1) + -6 + -14 + 34 + -17.
-23
23 - (42 - (-109 - -67))
-61
What is the value of 0 + 11 - -1 - (25736 - 25653)?
-71
What is the value of -9 - (30 + 13 + (12 - ((-8 - -17) + -5)))?
-60
Calculate 196 + (10 - 139) - 176.
-109
(45 + -58 - (-3 - 19) - 13) + -18
-22
Calculate (102 - 113) + (-5 + 1 - 47) + 0 + -1.
-63
What is the value of 536 + -553 - (24 - (-5 - -3))?
-43
What is (47 - -6) + -26 + -2 + -25 + 48?
48
(1 - 15) + 3 - (26 + (16 - 8))
-45
What is the value of (-9 - (-1 + -9 + -6)) + -5 + -20?
-18
Calculate -95 + (-5 - -102) - (-1 + -54).
57
Calculate 5 + 1 - (-1 - (14 - (44 - 21)) - 6).
4
Calculate -458 + 632 - (2 + 58).
114
What is 15 - (-41 + 135 - 45)?
-34
(-6 - 0) + (44 + -2 - (-8 + 20 + -16))
40
-106 + -1 - -9 - (-553 - -541)
-86
127 - 89 - (26 - (-24 + 61))
49
Calculate -43 + 76 + -159 + 166.
40
Calculate (32 - (23 + 20)) + 49.
38
Evaluate -40 + (-42 + 42 + (20 - 38) - -29).
-29
Evaluate -2 - (-52 + 102 - 52).
0
What is the value of (-4 + -4 - 1) + -27 + 5 - -5?
-26
Evaluate (1 - -38) + 1869 + -1932.
-24
What is 80 + -164 - (-34 - 2)?
-48
What is 2 - 12 - (2320 + -2352)?
22
Calculate (114 - (29 + -14 + 12)) + -27.
60
43 + -31 - (24 - (1 + -1)) - -22
10
83 + -60 + -26 - (-2 + -29)
28
Calculate (-14 - 0 - (-2 - (-10 - -12) - 17)) + -93.
-86
Calculate (-105 - (-82 + -4)) + (0 - 26).
-45
86 + -162 - -29 - (-2 + 3 - -1)
-49
What is the value of (-8 - (-33 - (-28 + 38))) + 21?
56
Calculate (-4 - (-21 + -3)) + -10 + 41 + (-7 - 2).
42
Evaluate 17 + 2 + 18 + -91 + -13 - -1.
-66
Evaluate 3 + (5 - ((0 - 0) + 3)).
5
What is the value of 2 - 81 - (-2249 + 2262 - (0 + 19 + -2))?
-75
-13 + 54 + -17 + (-13 - 1) - 90
-80
What is 169 + (-21 + -24 - -12) + -7?
129
Evaluate 6 - (-9 + (2 - ((-34 - -6) + 15))).
0
Evaluate -3 + (48 - -27 - 20 - -18 - (2 - -3)).
65
What is (-66 + 26 - 5) + 23?
-22
What is (9 - 33) + 29 + (1 - -2) + -29?
-21
Calculate (32 + -49 - -34) + 12.
29
49 + -88 + (3 - (0 + -4)) + (-59 - -56)
-35
24 + 6 + 36 - 42
24
What is the value of -18 - -30 - (3 + 6 + -21 + 8) - 140?
-124
17 + 3 + 3 - 23 - 43
-